+ 10 + -23 + 4?
-3
Evaluate -3 - 2 - ((-7 - -3) + 5) - -2.
-4
3 - (-3 + 8 - (9 + 4) - 0)
11
What is the value of 19 - (0 - 4 - (-16 + 11 - 5))?
13
What is -27 - -30 - ((3 - 3) + -2)?
5
What is the value of -5 + 0 + -10 + 15 - 9?
-9
Evaluate -1 + 5 - ((-4 - -12 - -2) + 1).
-7
Evaluate 40 + -26 + -34 - -5.
-15
Calculate (2 + 0 - (11 - 16)) + -2 - -1.
6
What is 185 - 205 - (0 + -41)?
21
Evaluate (-18 + 14 - -1) + 11.
8
What is -6 - (2 + 21 + 2 + -9)?
-22
Calculate 22 + (12 + -36 - 3).
-5
Calculate -11 + 0 + (22 - (-1 + 7)).
5
Evaluate (12 - (-6 + -10)) + (-18 - -5).
15
Evaluate 12 + (-5 - (5 + -12)) + 2 + 4.
20
What is the value of -5 + 10 + -3 + 25 + -9?
18
-321 + 328 - ((-1 - -2) + -6)
12
-1034 + 1031 - (9 - 0)
-12
What is (-7 - -3) + 1 + 5 + -25 - -7?
-16
What is the value of -5 + (-37 - -20 - -8 - (1 + 0))?
-15
268 + -295 + -2 + 13 + 0
-16
What is (15 - (14 - -1)) + 16 + 9?
25
What is 132 - 106 - ((-1 - 4) + -5)?
36
Evaluate (20 - (-9 - -25)) + -9.
-5
Calculate -67 + 65 - (1 + -10).
7
Calculate -7 - (9 + -6 + 1 + 4 + -4).
-11
Evaluate 16 + (1 - 2) - (-11 + -8 + 26).
8
What is the value of -4 + 4 + (9 - 2) - (4 + -7)?
10
What is the value of -3 + 20 + -20 + -9?
-12
What is -1 - ((2 - 2) + 24 + -4) - -3?
-18
What is (7 - 31) + -1 + 10 + (-31 - -30)?
-16
Calculate -6 - (-16 - (11 + (6 - 9))).
18
Calculate 36 - 17 - (-5 + 1) - (11 - 4).
16
Calculate (-18 - 13) + -1 + 26.
-6
Evaluate 15 - 5 - (6 + -11).
15
-3 + (-10 - -12) + (-3 - -4)
0
Calculate 4 + -13 + (26 + -20 - (0 + 11)).
-14
Calculate (5 + -9 - 0) + (0 - -5) + 0.
1
What is the value of -5 + 3 + -14 - -8 - (-1 - 24)?
17
Calculate -21 - (0 - (-6 + 14 + 3)).
-10
-1 - (-14 + 23) - -27
17
2 + -8 + -8 - (17 - 30)
-1
What is the value of 24 - 3 - -3 - (10 - 0)?
14
What is -5 - ((-51 - -61) + -2 + -12)?
-1
Calculate 23 - (4 - (5 + -11 + 4 - 1)).
16
Evaluate -16 + -3 + (8 + -1 - (-4 - -5)).
-13
Evaluate -1 - 1 - ((16 - 2) + (-92 - -91)).
-15
-9 + -1 + 18 + -6 + -17 - -5
-10
What is the value of 11 + (-3 - -3) + (0 - -1) - 1?
11
-28 + 3 + 4 + 11 + 4 + -15
-21
Calculate -9 + (60 - 33 - -15).
33
What is 1 - 7 - (-36 + 33 + -22)?
19
Evaluate (2 - (4 - -4 - 6)) + -9 - -1.
-8
What is -5 + 8 + 12 - (-31 + 36) - -3?
13
Calculate 27 + 12 + -32 - -18.
25
Evaluate 0 + (3 - -2) + -3 - (1 - -5).
-4
Calculate (-2 - 8) + 104 + -99.
-5
2 + (11 - 14) - (6 + -3 - 18)
14
What is 6 + (21 - 29) - (16 + (-4 - -2))?
-16
What is -2 - (3 - (-3 - (2 - (-4 - 1))))?
-15
1 + -7 + -28 + -2 + 17 + -5
-24
Calculate (1 - -14 - -1) + -11895 + 11853.
-26
(-20 - (-1 + 33)) + 27
-25
Evaluate (-55 - -51) + (-17 - 2).
-23
Evaluate 2 - (-4 + -9 - (-10 + 1)) - -8.
14
Evaluate -2 + (7 - (9 - 7) - 9).
-6
What is the value of -2 - (16 + 4 + -14)?
-8
Calculate (8 - 4) + -11 + (-41 - -17 - -25).
-6
(-9 - (2 + -6)) + (15 - (14 - 0))
-4
Calculate 10 - (-5 - (-3 + 0 + 13)).
25
What is (-6 - 2) + (62 - 32) + -9?
13
What is -11 + -16 - (-21 - 14)?
8
What is -4 + 6 + -5 + 8 + -3 + 16?
18
What is the value of -10 + 0 - (-151 - -134)?
7
What is the value of 18 + 17 + (14 - 53)?
-4
Calculate -10 + 13 - -4 - 12.
-5
Evaluate (67 - 81) + 23 + 0 - (-3 + 0).
12
(26 - (70 - 49)) + (-23 - 2)
-20
Evaluate (-1 - 0 - 5) + -115 + 127 + -16.
-10
6 - ((-25 - 3) + 18)
16
What is 4 - 1 - (3 + -8 + 5)?
3
What is 133 + -137 - (-2 - 14)?
12
Evaluate -12 + -20 + 37 + (0 - 27).
-22
What is 4 + (-8 - -6) + 1 + 0 - 2?
1
What is the value of 20 - ((6 - 15) + 11 + 8)?
10
8 - (8 + -1) - -6 - (9 - -33)
-35
What is 14 + -6 + -13 + 21?
16
What is 4 - (-2 + (-2 - -11) - -7)?
-10
What is the value of -69 + 4 - (-147 + 101)?
-19
What is the value of -1 + 16 - (24 - (46 + -23 + 4))?
18
What is -16 + 25 + 5 + -4?
10
Calculate -19 + 15 - (-3 + 3 - -3 - 4).
-3
What is the value of (8 - 19) + 5 + (-3 - (0 - 12))?
3
Evaluate -25 + 0 - (32 + -117 + 89).
-29
Evaluate -3 + 22 + -24 - (-1 + -1 + 2).
-5
(-2 - -2) + 2 - ((19 - 32) + 15)
0
(10 + -12 - -6) + 9
13
Evaluate 2 + -9 + (25 - 22).
-4
Calculate 2 - (5 + -5 + (-3 - (19 + -8))).
16
Evaluate 13 + (0 - 3) - (-21 + 47).
-16
What is the value of 18 + -20 - ((14 - 2) + -3)?
-11
What is (7 + -1 - -7) + (4 - (-3 + 8))?
12
Calculate 5 - (-22 + 47 - 14).
-6
39 + (-10 + (9 - 9) - (-2 - -3))
28
What is (-12 - (-2 + -4 + -12)) + 4?
10
What is -25 - (-4 - (6 - 9) - (5 + 2))?
-17
What is -15 + 4 - (-24 + 48 - 28)?
-7
What is the value of -2 + -11 - (10 + -32 + 18)?
-9
Calculate (-12 - -24) + -5 + -27.
-20
3 - (12 + -28 - -29)
-10
Calculate 951 - 951 - ((0 - 11) + 0).
11
What is the value of 15 - (-6 + (23 - 2 - 7) + -10)?
17
What is (12 - 22) + -9 + -4?
-23
What is the value of -24 - (-25 + -10) - 35?
-24
What is (-5 - -3 - 28) + -48 + 46?
-32
Evaluate -30 + 1 - ((8 + -10 - 15) + 11).
-23
-8 + 9 + -12 + 1 + 1
-9
What is the value of (2 - 7) + -4 + (-9 - -17)?
-1
Calculate -12 - ((-13 - 8) + 16).
-7
(4 - 11) + 1 - 5
-11
What is the value of 4 + -9 - (-4 - (2 + -10)) - 3?
-12
Calculate (-2 - -5 - 2) + 7 - -2.
10
What is the value of 6 - (-7 + 17 - (5 + -5))?
-4
Calculate (14 - -6) + -21 - 6.
-7
-3 + -2 + 1 + 3 + (-7 - -4)
-4
Evaluate 0 + (28 + -22 - (0 + 15)) + 8.
-1
Evaluate 42 - (26 + (11 - 7)).
12
64 + -61 + 27 - 19
11
Evaluate (-31 - -70) + -26 + 1 + -19.
-5
What is 1 + (14 - (-5 + 10) - 3) + -33?
-26
Calculate 0 + 13 + 18 + -7 + -17.
7
Calculate -179 + 187 - (13 - 1).
-4
6 - ((-4 - -60) + -29)
-21
Evaluate (25 - 7 - -3) + -30.
-9
(42 - (2 + 60)) + 34
14
Evaluate -35 + (49 - 21) + -10.
-17
Calculate -51 + 50 + 0 + -17.
-18
What is the value of (-10 + 2 - -8) + 15?
15
Evaluate -4 - -4 - -5 - (36 - (-2 - -27)).
-6
What is the value of -6 - 3 - ((-6 - -2) + 11 + -6)?
-10
What is -1 + 0 - (-10 + -19 + 7 + 8)?
13
(-9 - -5) + 1 - (16 + -14) - -6
1
1 + 1 + -3 + (238 - 235)
2
-20 - (7 - 15) - -12
0
Evaluate 23 + (-28 - (-21 - -7)) + -35.
-26
What is the value of -1 + -4 - (66 - 63) - -3?
-5
What is 23 + (-14 - (20 + 1))?
-12
What is the value of 18 - -2 - (313 - 325)?
32
-2 + -1 + (26 - 14)
9
What is the value of -11 + (4 - (8 + 0 - 4))?
-11
Calculate 2 + 4 - (41 + -30).
-5
What is -11 - (8 + 3 + -5 - 9)?
-8
(8 + -5 - 1) + 1 + -6
-3
Evaluate 7 + (-3 - (-4 + 3)) + (23 - 20).
8
Calculate (8 - 19 - -8) + 4 + 1.
2
-5 - (-4 + -1) - 5 - (2 - -8)
-15
Evaluate 0 - -4 - -7 - -3.
14
Calculate -15 + 0 + (-2 - 0 - (-3 + 1)).
-15
Evaluate 34 - (-3 - (6 - 33)).
10
Calculate 1 - 12 - (-70 + (122 - 41)).
-22
What is -16 + (7 - 0) - -11?
2
What is the value of -122 - -133 - (22 + 0)?
-11
What is the value of -5 + (1 - 1 - 6 - (-1 + -8))?
-2
What is -6 + (9 - (7 + -7)) - (-9 - 1)?
13
What is 0 + 1 + -2 + 17 + (15 - 8)?
23
What is the value of 4 - (-42 + 52 - -6)?
-12
What is the value of (-4 - -4) + 17 - (-54 - -56)?
15
What is 4 + (-10 - -16) - 16?
-6
12 + (-4 - (20 - 14))
2
What is the value of (-4 - (1 + -6 + (-45 - -39))) + -2?
5
What is the value of 1 - (8 + 0) - (65 + -59)?
-13
17 + (-4 - -2) + -32 + (39 - 6)
16
Evaluate -21 + 29 + -1 + 1 - (1 - -4).
3
Evaluate 5 - (3 + -1 - -1) - 5.
-3
What is the value of (8 - 1) + -25 + 22 + (1 - -3)?
8
Evaluate -9 - -1 - (5 - (9 + 0)).
-4
((1 - 9) + -1 - -6) + -8 - 5
-16
What is 3 + (-2 - -8 - 14) - 25?
-30
What is 55 + (6 + -4 - 14) - 11?
32
Evaluate -7 - (-47 + 36 + 28).
-24
(-19 + 47 - -7) + -22
13
(-10 - 2) + (0 - -7) - -1
-4
3 + (-9 - (8 + -12)) + 0
-2
Evaluate 6 - (-11 - -7 - 11).
21
What is 2 - (-12 + 17 - ((0 - 1) + 6))?
2
7 - (-13 - (18 + -16))
22
(34 + -28 - ((2 - -12) + -2)) + 18
12
Calculate 6 - (-6 + -9 + 26) - -5.
0
Evaluate (6 - (0 + 5)) + 11.
12
What is the value of 0 + -2 + (15 + -8 - (-8 - -8))?
5
(-13 - -5) + 2 - 0
-6
1 + 17 - (-64 + 59) - 10
13
What is 2 - (-1 - 1) - (-237 - -232)?
9
Evaluate 25 + -57 + 60 + -9 + (3 - 2).
20
Evaluate (5 - (0 + 10 + -14)) + 10.
19
Calculate (7 - 0) + (-7 - (-21 + 10)) - 4.
7
What is the value of (2 - 4) + 18 - (-6 - 7 - -21)?
8
-22 - (7 + -5 - 15)
-9
Evaluate 73 + -29 + -32 + -5.
7
Calculate (-4 - -15) + -4 + -9 - (29 - 32).
1
Evaluate 11 - ((16 - 10) + -4) - -2.
11
What is the value of -1 + 4 - ((-12 - -1) + 32 + -27)?
9
What is (-4 + (8 - -3) + -8 - 4) + 0?
-5
Calculate (-16 - (-16 - -12) - 15) + -2 + 8.
-21
What is the value of -38 + 3 + 11 + 14?
-10
What is -12 + (-21 - -5) + (-32 - -45)?
-15
35 + -26 - (0 - 3)
12
Calculate -18 - -1 - (6 - (3 + 2)).
-18
What is -15 + -18 